ided by 22 - 45 - -59 - 9.
14
Let k = 2081 + -2064. What is the remainder when 286 is divided by k?
14
Let l(h) = -7*h + 17 + 22*h - 13*h. Let v = -7 + 24. Calculate the remainder when l(v) is divided by 26.
25
Let u = -14693 - -14811. What is the remainder when 509 is divided by u?
37
Let w(q) = q**3 + 23*q**2 - 22*q + 51. Let x be ((-63)/35)/(3/(-10)). Suppose x = p + p. Calculate the remainder when w(-24) is divided by p.
0
Suppose 0 = -5*w + 4*v + 1746, 4*w + 3*v = 442 + 930. Calculate the remainder when w is divided by 42.
10
Let s be (210/4)/(-15)*96/(-14). Suppose -q + w + 28 = 4*w, 2*q - w - 70 = 0. What is the remainder when q is divided by 40/(-50)*(-1 + 6) + s?
14
Let d(j) = -j - 6. Let f be d(-10). Let v(g) = 2*g**3 - 8*g**2 + 9*g + 3. What is the remainder when v(f) is divided by 7?
4
Calculate the remainder when 355 is divided by ((-6)/(-48) + (-1245)/120)/(2/(-32)).
27
Suppose -21000 = -95*k + 1537 + 263. What is the remainder when k is divided by 152/(-6)*(-3)/2?
12
Let j(p) = -10*p**2 - 119*p - 29. Let m be -98*(2 + -2 - 1). Let b = m + -62. Calculate the remainder when j(-11) is divided by b.
34
Suppose -26*y + 31*y = 0. Suppose -2*n + 44 = -3*t, y*t = 2*n - 2*t - 48. What is the remainder when 279 is divided by n?
27
Suppose 2*i - 47 = 2*j + 7*i, -i + 50 = -5*j. What is the remainder when 6 is divided by (-11 - j - (-2 - -3))*-3?
0
Let x(c) be the second derivative of c**3/6 + 31*c**2 + 10*c - 5. Calculate the remainder when x(-38) is divided by 2/4 + 6/4.
0
Calculate the remainder when ((-9888)/(-21) - -14) + (-3)/(-21) is divided by 122.
119
Suppose -4551*j + 4529*j + 1628 = 0. What is the remainder when 1106 is divided by j?
70
Suppose 0 = 5*z + 15, -2*z - 71 = 5*m - 0*m. Let a be 25 - (-2 + m)/5. Calculate the remainder when (-9)/(-63) - 8*(-262)/a is divided by 19.
18
Suppose -277*q + 4169 - 3034 + 4405 = 0. What is the remainder when 46959 is divided by q?
19
Let c(o) = -2*o**3 + 6*o**2 - 4*o - 17. Let q be c(-4). Suppose 5*r = 4*y - 720, q + 167 = 2*y + 5*r. What is the remainder when y is divided by 19?
14
Let a(r) = r**2 - r + 5. Let h(w) = 1. Let p(m) = a(m) + 3*h(m). Let o = 22910 + -22897. Calculate the remainder when o is divided by p(0).
5
Suppose 2*o + 68 = w - 87, 5*w - 747 = -4*o. Suppose -109*n + 112*n = 51. What is the remainder when w is divided by n?
15
Let j(i) = i**3 + 12*i**2 - 14*i - 6. Let t = -159 - -146. Calculate the remainder when 40 is divided by j(t).
5
Let x(w) = w**3 + 14*w**2 + 21*w + 21. Let s = -365 + 401. Calculate the remainder when x(-10) is divided by s.
31
Let m = -7 + 36. Let c be 2*1/(4/8). Calculate the remainder when m is divided by ((-16)/(-12))/c*33 - 3.
5
Let q(u) = 7*u**2 - 3*u - 24. Let g(y) = 9*y**2 - 3*y - 25. Let z(a) = 4*g(a) - 5*q(a). Calculate the remainder when 169 is divided by z(0).
9
Suppose 4*o + 680 = 4*i, 1087*o - 1085*o - 158 = -i. Calculate the remainder when 1488 is divided by i.
160
Suppose f + r = 45, -179 = -4*f - 37*r + 34*r. Let p(s) = s**2 - 30*s - 66. What is the remainder when p(f) is divided by 24?
22
Suppose 13 - 2 = f. Suppose 0 = 2*d - 0*s - 2*s, 3*s = 5*d. Suppose -23 - 21 = -t + 3*k, 3*k + 15 = d. What is the remainder when t is divided by f?
7
Suppose 0 = -4*j + 1 + 11. Suppose -14*o = -j*o - 792. Calculate the remainder when (-433)/(-4) + 54/o is divided by 16.
13
Suppose 160 = 5*t - 3*t. Let f(l) = l**2 - 18*l + 8. Let s be f(17). What is the remainder when t is divided by (54/s)/(4/(-14))?
17
Let q(p) = 30*p - 357. Let j be q(12). Suppose 3*y = -j*i + 48, 5*y + 9*i - 8*i - 64 = 0. Calculate the remainder when 203 is divided by y.
11
Let z(i) = 1. Let d(x) = -x + 9. Let q(r) = 2*d(r) + 18*z(r). Let o be q(7). Suppose o*n - 25*n + 546 = 0. Calculate the remainder when n is divided by 46.
44
Let i(y) = -y**2 + 19*y - 17. Calculate the remainder when i(10) is divided by -18*9/(-6)*40/45.
1
Let m = -608 - -972. Suppose -27*q + m = -20*q. Calculate the remainder when 415 is divided by q.
51
Let c = 6184 - 6127. Calculate the remainder when 1310 is divided by c.
56
Suppose -23*j + 201 = 23*j - 45*j. What is the remainder when j is divided by 4?
1
Let c = -5 + 85. Suppose -3*z = -x - c, -x - 3*x = -4*z + 96. Suppose a - m = 77, 5*a - 11*m = -12*m + 409. What is the remainder when a is divided by z?
25
Let d = 3179 + -3172. What is the remainder when 122 is divided by d?
3
Suppose 15*p - 268 = 11*p + u, -5*u = 20. Suppose -l + 1679 = 4*h, p = 3*h + 3*l - 1200. Calculate the remainder when h is divided by 14.
13
Let n(y) = y**3 - 28*y**2 - 44*y + 66. Let v be n(30). Suppose v = -34*h + 36*h. Calculate the remainder when h is divided by 46.
43
Let v = 25 + -49. Let l(q) = 12*q**2 + 2*q + 1. What is the remainder when 256/v*-1*6 is divided by l(-1)?
9
Let f(g) = -70*g + 289. Calculate the remainder when f(-7) is divided by 28.
23
Let z(w) = -2*w + 60. Suppose 4*p + 24 = -n, 5*p + 15 = 6*p - 5*n. What is the remainder when z(p) is divided by 24?
22
Let j = 876 + -874. Suppose j*x + 6 = 0, -38*c + 35*c + 2*x = -45. Calculate the remainder when 127 is divided by c.
10
Let t = 7044 + -6964. Calculate the remainder when 219 is divided by t.
59
Let b(t) = 736*t - 948. Calculate the remainder when b(6) is divided by 39.
36
Suppose -549 = -2*r - 3*x, 799 = 3*r - 27*x + 28*x. Calculate the remainder when 280 is divided by r.
16
Let z(s) = -193*s - 721. What is the remainder when z(-6) is divided by 106?
13
Suppose 4*j - 85 = -z - 10, -87 = -5*j + z. What is the remainder when 7497/85 - (-2)/(-10) is divided by j?
16
Suppose 5*a - 7 = -22. Calculate the remainder when (a - 0)*-27*1 is divided by 22.
15
Suppose -w + 428 = -7. What is the remainder when w is divided by 13?
6
Suppose 0 = -21*u + 20*u + 3*l + 166, -187 = -u - 4*l. Suppose 109*g = 104*g + u. What is the remainder when 66 is divided by g?
31
Let b = -4 + -1. Let r(f) = 4*f**2 - 3*f - 3. Let q = -248582 + 248612. What is the remainder when r(b) is divided by q?
22
Suppose -48*m + 419 = -5*m - 19576. What is the remainder when m is divided by 58?
1
Let i = 119 + -112. Suppose -533 = -i*j + 678. What is the remainder when j is divided by 22?
19
Suppose -5*a = 2*p - 32, 2004*p - 3*a = 2005*p - 13. Calculate the remainder when 1391 is divided by p.
27
Suppose 6*y - 1236 = 84. What is the remainder when y is divided by 59?
43
Let w(g) = g**2 - 5*g + 4. Let d be 121/55 + -1 + (-4)/(-5). Let p be w(d). What is the remainder when 203 is divided by 372/30 - p/(-5)?
11
Let c = -80 - -83. Suppose -c*y + 230 = -73. Calculate the remainder when 4/12 - (y/(-3) - 2) is divided by 19.
17
Let w = -2 + 2. Let t = w + 16. What is the remainder when 305*(-31 + 468/15) is divided by t?
13
Suppose 2*k - l - 3*l = -8, -2*l = 3*k - 28. What is the remainder when 205 is divided by (4 + k)/((-4)/(-14))?
30
Let v be (-40)/180 - 605/(-9). Suppose 38 = 5*m - 5*b - v, -5*m - 5*b + 65 = 0. Suppose -12*a + m*a - 155 = 0. Calculate the remainder when 90 is divided by a.
28
Suppose 110*o = -12*o + 9231 + 6507. What is the remainder when o is divided by 34?
27
Let s(g) = 7*g**2 + 11*g + 4. Let a be s(-3). Suppose -a*q + 4106 + 3578 = 0. What is the remainder when q is divided by 6?
4
Suppose t - m - 193 = 0, -160*m + 157*m - 389 = -2*t. What is the remainder when 775 is divided by t?
15
Let z = -32 + 52. Let c = -666 - -678. What is the remainder when z is divided by c?
8
Let x = -12576 - -15755. What is the remainder when x is divided by 118?
111
Suppose -3*k + 5*k = 140. Let q = 259882 - 259868. What is the remainder when k is divided by q?
0
Let z = -50 - -60. Let o be ((-6)/9)/(z/75)*-1. Suppose 0 = o*x + 2*q - 85, 0 = 3*x + 3*q - 0*q - 60. Calculate the remainder when 42 is divided by x.
12
Let m = 1574 - 1245. What is the remainder when 334 is divided by m?
5
Let g(q) = q**2 + 431*q - 3828. Calculate the remainder when 135 is divided by g(9).
3
Let u(f) = 7*f**2 + 72*f + 32. Let i be u(-14). Let g = i + -358. What is the remainder when g is divided by 20 + -1*(-3 + 2)?
17
Let k = -9252 + 9320. Calculate the remainder when 6050 is divided by k.
66
Let b = -62 - 186. Let v = -106 - b. Calculate the remainder when v is divided by 13.
12
Suppose -12 = -4*d - 2*s, s - 4*s = 3*d - 6. Suppose d*j = 3 + 5. Let f = -391 - -398. What is